 when f is divided by t?
7
Suppose 5*y + i = 248, 4*y - 6*i + 5*i - 202 = 0. Suppose y = 9*r - 283. Calculate the remainder when r is divided by 15.
7
Let f(v) = 13*v - 16. Suppose 2*h - 4*z - 8 = 0, -4*h = -3*z + 2*z - 23. Calculate the remainder when f(4) is divided by h.
0
Let h(j) = j**3 - 19*j**2 + 2*j - 27. Let u = 6 + -3. Calculate the remainder when (-2)/u + 125/3 is divided by h(19).
8
Suppose 2*o - 26 - 10 = 0. Let a = -50 + 120. Calculate the remainder when a is divided by o.
16
Let i = -5 - -8. Let m = 19 + -14. Suppose 0 = 5*g + m*p - 50, 3*p - p - 42 = -4*g. Calculate the remainder when g is divided by i.
2
Suppose -5*x + 5*i + 69 + 251 = 0, 4*x = -2*i + 256. Let v = x - 29. Calculate the remainder when v is divided by 13.
9
Let s = 17 + -3. Calculate the remainder when 1*22*7/s is divided by 7.
4
Suppose -2*h - 68 = 2*f - 7*f, 3*f = 4*h + 52. What is the remainder when 17 is divided by f?
5
What is the remainder when ((-21)/(-9))/7 + 278/3 is divided by 54?
39
Let p be (28/(-8))/((-4)/40). Suppose -3*j + 55 = 13. Calculate the remainder when 935/p - 8/(-28) is divided by j.
13
Suppose 8*h = -23*h. Suppose -p + 4 = -c - 8, 0 = -5*c - 25. Suppose h = 3*l - 82 + p. What is the remainder when l is divided by 7?
4
Suppose 0 = 13*t - 145 - 37. What is the remainder when 50 is divided by t?
8
Suppose -2*q = 5*i - 143, -7*q = -4*q + 4*i - 197. What is the remainder when 766 is divided by q?
58
Let c = 143 - 85. Suppose -82 = -2*h + c. Suppose 3*b - 2*v = 97, 2*b + 4*v = -0*v + h. What is the remainder when b is divided by 9?
6
Suppose -5*w = 5*l - 85, l + 22*w - 18*w = 17. Suppose -4*x = -x - 183. Calculate the remainder when x is divided by l.
10
Let s be 64/(-56)*(-7)/2. Let b be s - (4 - 8/4). Calculate the remainder when (b/4)/(7/546) is divided by 14.
11
Suppose 0 = y + y - 144. Suppose 0 = 2*g + 30 - y. What is the remainder when g is divided by 12?
9
Let u be (1/(-3))/(3/(-18)). Suppose -3 = s - 3*m, -2*s + 3*s = u*m. Calculate the remainder when 14 is divided by s.
2
Let t(l) = -l**3 - 11*l**2 - 23*l + 18. What is the remainder when 158 is divided by t(-8)?
8
Let u = -11 - -12. What is the remainder when 46 is divided by 1 - (-3 + (-8)/u)?
10
Suppose -19*l + 24*l - 25 = 0. Let m = 2 + l. What is the remainder when 32 is divided by m?
4
Let h(b) = -38*b - 3. Let s be h(-2). Let z = 86 - s. What is the remainder when 23 is divided by z?
10
Let f(q) = -2*q**2 - 8*q + 14. Let p be f(-5). Suppose -4*j = a + a - 326, j - 68 = p*a. Calculate the remainder when j is divided by 14.
10
Let n(w) = -5*w**3 + 4*w**2 - 6*w - 11. Let f(b) = 6*b**3 - 3*b**2 + 7*b + 10. Let c(q) = 4*f(q) + 5*n(q). What is the remainder when c(7) is divided by 7?
6
Let v = -16 - -30. Calculate the remainder when v is divided by ((-2)/(-5) + 0)*20.
6
Let j(t) = t**3 + 10*t**2 - 5*t - 15. What is the remainder when 200 is divided by j(-10)?
25
Suppose -2*c = 23 + 33. Let g be 420/(-90)*(-1 - -4). Let y = g - c. Calculate the remainder when 40 is divided by y.
12
Suppose 5*i - 20 = w - 6*w, -3*i - 23 = -4*w. Let b be -2 - (i + -91 - -2). Calculate the remainder when 30 is divided by (-2 + 1)/((-8)/b).
8
Calculate the remainder when 5 is divided by (-12)/(-8)*-1 - 27/(-6).
2
Let q(c) = -c**3 + 5*c**2 + c + 1. Let a(i) = -i**3 - 12*i**2 - i - 2. Calculate the remainder when a(-12) is divided by q(5).
4
Let j be (-2)/2 - 114/(-2). Let z be (-16)/j + (-46)/(-14). Suppose -z*c + 72 = -2*c. What is the remainder when c is divided by 19?
15
Let k = 13 - 5. Calculate the remainder when k is divided by (1/(-2))/(12/(-72)).
2
Suppose -4*u = -4*w - 52, w + 33 + 0 = 3*u. What is the remainder when 27 is divided by (u/3)/(2/9)?
12
Suppose -3*m + 225 = 2*m. Suppose 13*b - 68 = -419. Let q = m + b. What is the remainder when 70 is divided by q?
16
Let k = 51 + 3. Suppose -14*b + 13*b = 0. Suppose b = -h - c + 13, 0*h + 47 = 3*h - 5*c. Calculate the remainder when k is divided by h.
12
Let s be -3*20*3/18. Calculate the remainder when 7 is divided by (4/s)/((-1)/10).
3
Suppose -4*z = -0*z - d + 3, -z - 3 = -d. Suppose 0*n - n = -2*w - 7, -3*w + 3*n - 15 = z. What is the remainder when 781/22 + (-1)/w is divided by 13?
10
Suppose -9 = -o - 2*o. Let a(b) = b**2 - b - 2. Let p be a(o). Suppose p*x = 4*u + 16, 5*x + 2*u + 2*u = 38. Calculate the remainder when 10 is divided by x.
4
Suppose -3*t = -o + 10, 2*o - 6*t = -2*t + 22. Let x be (-6)/((-12)/4)*-41. Let r = 120 + x. What is the remainder when r is divided by o?
12
Let t(p) = -p**3 + 2*p**2 + 7*p + 2. Let o be t(4). Let f be (12/18)/(2/9). Let x = f - o. Calculate the remainder when 19 is divided by x.
4
Let i(h) = -h**2 - 21*h - 30. What is the remainder when 444 is divided by i(-5)?
44
Let n(s) = -3*s**3 - s**2 + 3. Suppose -113 = -c - 109, 3*z = c + 56. What is the remainder when n(-3) is divided by z?
15
Suppose -4*a + 4 = 0, -7*q + 100 = -3*q - 4*a. Calculate the remainder when q is divided by 13.
0
Let o be 52/(-39) + 1436/6. Suppose -2*k + 5*a = -o, 3*k = -k - 3*a + 424. What is the remainder when k is divided by 22?
21
Suppose 0 = p - 5*i - 20, -7*i + 2*i - 5 = 2*p. Let x(y) = -y**2 - 5*y + 26. Calculate the remainder when p is divided by x(3).
1
Suppose -k + 334 = -3*w, -3*w + 5*k + 530 = -8*w. Let r = w + 128. What is the remainder when 66 is divided by r?
12
Let l = 543 + -409. What is the remainder when l is divided by 9?
8
Let k be (-155)/(-35) - (-6)/(-14). Suppose 2*a + k = -32. Let n = 31 + a. What is the remainder when 25 is divided by n?
12
Suppose -9 = 3*z - 0*r + r, -3*r = 4*z + 17. Let t(g) = -9 - 3*g + 7 - 1 - 1. What is the remainder when t(z) is divided by 2?
0
Let j(w) = -2*w**3 + 3*w**2 - 4*w + 3. Let c be j(2). Let z = c - -86. What is the remainder when z is divided by 23?
8
Suppose 3*y - n - 11 = -0*n, -2*y + 2*n + 14 = 0. Suppose -y*p + 178 = 12. Calculate the remainder when p is divided by 17.
15
Let q(n) = 7*n + 2. Let r be 108/24*1*2. Suppose -d - 3 = k - 5*d, 4*k + 5*d = r. Calculate the remainder when 35 is divided by q(k).
8
Suppose -55 = 5*g + 5*a, -23 = -0*g + 2*g + a. Let v be 7 - (-4)/g*9. What is the remainder when 38 is divided by -4 - ((-168)/v)/3?
8
Suppose 2*s - 165 = -0*s - 5*b, -5*s + 465 = 2*b. Suppose s = -8*z + 13*z. What is the remainder when z is divided by (3 - 2)*(-1 - -11)?
9
Suppose -2*t - 8 + 100 = 5*q, 2*q + t = 37. Let n = 45 - 13. Calculate the remainder when n is divided by q.
14
Suppose -11*q = 4*r - 8*q - 722, 5*r + q = 897. Calculate the remainder when r is divided by 38.
27
Suppose 19*v - 17*v = 120. Let i be (-24)/10 + (-36)/v. Let t(m) = m**2 - 2*m - 6. Calculate the remainder when 35 is divided by t(i).
8
Let m = 1044 + -735. Calculate the remainder when m is divided by 113.
83
Let u = 2 - -529. What is the remainder when u is divided by 134?
129
Let o = 136 - 42. What is the remainder when o is divided by 28?
10
Let a(h) = 75*h - 25. Let z be a(8). Suppose 5*t - 2*n = n + z, -n - 349 = -3*t. What is the remainder when t is divided by 40?
38
Let k(j) = -2*j + 26. Suppose 9 = 2*m - 55. Let x = m - 21. What is the remainder when k(-8) is divided by x?
9
Let m = -4 + 16. Suppose -4*b = 2*o - 38, -b + m = 3*b. Suppose 12*r + 10 = o*r. Calculate the remainder when 17 is divided by r.
7
Let n(o) = 2*o**3 - o**2 + 6*o - 5. Let r(y) = 9*y + 5. Calculate the remainder when r(5) is divided by n(2).
12
Let r(g) = 2*g**3 + 6*g**2 - 4*g - 1. What is the remainder when 33 is divided by r(1)?
0
Suppose -5*g + 5*v - 13 = -9*g, 2 = 2*v. Let w(m) be the third derivative of -m**5/60 + m**4/6 - m**3/3 - m**2. What is the remainder when g is divided by w(3)?
0
Let i = -2 - 2. Suppose 5*d = -0*d + 395. What is the remainder when d is divided by (-92)/i + (0 - 3)?
19
Let v(p) = -91*p**3 + 2*p**2 + 3*p + 2. Let o = -7 + 6. Let x be v(o). Let b = 150 - x. Calculate the remainder when b is divided by 20.
18
Suppose 3*u - 5*i + 12 = -4, 2*i - 4 = 0. Let g be 2 + 0 + u + 5. Calculate the remainder when 22 is divided by g/2*48/20.
4
Suppose 5*z - 2030 = -5*m, -z = -3*z + 5*m + 777. What is the remainder when z is divided by 3?
2
Suppose -k - 2 = -3*c + c, 5*k - 6 = 2*c. Suppose 2*a + 2*q = 86, -2*q = -c*a + 83 + 15. What is the remainder when a is divided by 4?
2
Let q = 140 - 102. What